3. Let p(k) = -6*h(k) - 11*s(k). What is p(t)?
7
Suppose 2*o + 9*x - 14*x = 9, 2*x = 3*o + 14. Let j(k) = k**3 + 8*k**2 + 2*k + 16. Give j(o).
0
Suppose 18 = -c - 5*u - 7, -12 = 3*u. Let w(z) = -z**3 + 5*z**2 - 4*z - 3. Let l(r) = -r**3 + 5*r**2 - 4*r - 2. Let j(f) = c*l(f) + 4*w(f). Give j(4).
-2
Suppose -d = 2*q, -30 = -5*q - 0*d + 5*d. Let b be 6/(-9)*(-6)/q. Let f(a) = -a - 6 + 5*a**b - a**3 - 1 + 2. Determine f(4).
7
Let t(d) = d**2 + 7*d + 2. Suppose 0*w + w - 2 = 0. Let h be (-4 - -3)/(w/(-36)). Suppose -4*s + s = h. What is t(s)?
-4
Let n be 186/124*2/(-3). Let z(u) = -7*u - 1. What is z(n)?
6
Let j(v) = v**3 + 8*v**2 + 11*v + 4. Let d be (291/(-33) - -2) + (-8)/44. Determine j(d).
-24
Let a be 1/(-4) + (-68)/(-16). Suppose f - a*f + 144 = 0. Let z(v) = -f - v + 52 + 2*v. Calculate z(-5).
-1
Let k(x) be the second derivative of x**5/20 - 3*x**4/4 + x**3/2 - 11*x**2/2 + 46*x. What is k(9)?
16
Let q be 4/6*(-6)/(-1). Let k(x) = -2*x + 5 - 7 + q. Determine k(-6).
14
Let z(c) = -c**2 + 4*c - 19. Let t(p) = 2*p**2 - 6*p + 21. Let f(b) = -2*t(b) - 3*z(b). Calculate f(4).
-1
Let z(j) = -j**3 + 9*j**2 - 15*j + 8. Let v be z(7). Let f(i) = 14*i**2 - 9*i**2 - 4*i**2 + 0*i - v - 3*i**3 + i. Give f(1).
-2
Let n(r) = 2*r**2 + 8*r - 1019 - 3*r**2 + 0*r**2 + 1015. Let o be (3/(-2))/(1/(-4)). Give n(o).
8
Let s(p) = p**3 + 10*p**2 + 9*p + 5. Let f be (-1)/(-8) - (-93)/24. Suppose d + 3 = f, -2*j + d = 19. Determine s(j).
5
Let p(s) = s + 4. Let o be p(9). Suppose 4*x = -t + o, -4*t + 3*x = -2*x + 32. Let u(n) be the first derivative of n**4/4 + 5*n**3/3 + n**2 - 8. What is u(t)?
12
Let n be 21/(-4) - (900/(-48))/15. Let a(s) = -5*s + s**3 - 2 + 1 + 3*s**2 - 1. Give a(n).
2
Let n(g) be the third derivative of g**9/60480 + g**8/4032 - g**7/5040 + g**5/60 - 4*g**2. Let v(s) be the third derivative of n(s). Determine v(-5).
5
Let f = 21 + -30. Let n(t) = 10*t**2 - 143 + 8*t + 154 + t**3 - 16 + 0*t**3. Give n(f).
4
Let j be 4 + 1 + 5 + 36/4. Let q(w) = w**2 - 17*w - 42. Give q(j).
-4
Let s be 17/3 - (16/(-12) - -1). Let k(u) = u**2 - 4*u - 7. Calculate k(s).
5
Let z(o) = o**3 + 9*o**2 + 2*o - 7. Let k(n) = n**3 + 7*n**2 + n - 7. Let u(q) = 6*k(q) - 5*z(q). What is u(4)?
-7
Suppose k + 5*n + 6 = 0, 5*k + 5*n - 9 = 1. Let j(t) = -2*t - 18. Let d be j(-12). Let g(c) = -2*c**3 + k*c + 3 + c**3 + 7 + 3*c**2 - d. Determine g(4).
4
Let v(h) = h**2 + 6*h + 12. Let t be (69/115 + 26/40)*-4. Determine v(t).
7
Let l(b) = -4 - 5*b**2 + 39*b - 2*b**2 + 5*b**2 - 46*b. Calculate l(-4).
-8
Let h(o) = -o**3 - 4*o**2 - 5*o + 6. Let i = 1220 + -1223. Give h(i).
12
Let s(x) = x**3 + 4*x**2 + x - 3. Suppose -w = 4*w. Let j(i) = -i**2 + i. Let t be j(w). Let b be (-24)/16*(t - -2). Determine s(b).
3
Let y = -43 - -46. Let t(q) = 1 + 1 + y*q + 5 - 10. Suppose -9 = -2*h - h. Determine t(h).
6
Let v(c) = -5 + c**3 - c + 2*c + 2*c - 5*c - 5*c**2. Suppose 0 = 2*m - 4*m. Suppose -40 = -8*t - m*t. What is v(t)?
-15
Let h(k) = -4*k**2 + 4*k + 4. Let z(a) = -3*a**2 + 1 + 3 - 1 + 0 + 3*a. Let q(d) = -5*h(d) + 7*z(d). Calculate q(-1).
-1
Let p(w) = w**2 + 1 + 1 - 2 + 18*w + 10 - 6*w. Determine p(-7).
-25
Suppose 18 = -11*n + 14*n. Let t(i) = i - 1. What is t(n)?
5
Let w = -24 - -34. Let p = w + -6. Suppose 0 = -2*k + y - 10, p*y + 7 + 13 = -4*k. Let h(a) = a**3 + 6*a**2 + 3*a - 3. Calculate h(k).
7
Let f = -80 + 93. Let p = -21 - -15. Let r = p + f. Let d(q) = 2*q - 9. What is d(r)?
5
Let p(v) = -5*v**2 + 2*v + 1. Let n = 75 - 76. Give p(n).
-6
Let m(y) be the second derivative of -2*y**3/3 - 5*y**2/2 - 299*y. Determine m(9).
-41
Let g(b) = -b**2 - 4*b + 4. Suppose -5*s - 1 - 19 = 0. Determine g(s).
4
Let o(d) be the third derivative of -d**5/60 - d**4/8 - 2*d**3/3 - 2*d**2. Let x be 85/(-15) - 2/6. Let k be 2 + -10*(-3)/x. Give o(k).
-4
Let j(c) = -c**2 + 6*c - 1. Suppose y = -d + 10, -10*d - 3*y + 14 = -9*d. Give j(d).
-17
Suppose -2*q + 0*q + 5*n = 32, -n + 22 = -3*q. Let f(y) = -y**3 - 5*y**2 + 7*y + 2. Give f(q).
-4
Let j = 5 + -26. Let b be 6/j - 384/(-21). Let k(g) = 4*g**2 + b*g**3 - 2 + 0 - 10*g**2 + 2*g - 19*g**3. Determine k(-6).
-14
Let c(z) be the second derivative of -z**3 - 11*z**2/2 - 8*z - 31. Give c(-4).
13
Let a(j) = 1. Let b(h) = h - 4. Let i(x) = 2*a(x) - b(x). Let v be i(3). Suppose -13 + 1 = v*o. Let t(f) = -f**3 - 3*f**2 + 6*f + 4. What is t(o)?
-4
Let q(z) = -14*z - 15. Let v(s) = -8*s - 9. Let g(b) = -3*q(b) + 5*v(b). Give g(-3).
-6
Let p(a) = a**3 - 6*a**2 + 4*a + 7. Let k = 1266 + -1262. Determine p(k).
-9
Let r(b) be the third derivative of 0 + 11*b**2 + 1/4*b**4 + 2/3*b**3 - 1/10*b**5 + 0*b + 1/120*b**6. Determine r(5).
9
Let k(u) be the third derivative of u**5/15 - u**3/2 + 227*u**2 + 1. What is k(3)?
33
Let c(w) = w**3 + 4*w**2 - 2*w - 4. Let z = 78 - 86. Let l be (3/(-2))/((-3)/(-8)). Let u = z - l. Calculate c(u).
4
Let d = -2 + 10. Let q(h) be the second derivative of -h**6/720 + h**5/15 - 7*h**4/12 + h. Let z(u) be the third derivative of q(u). What is z(d)?
0
Let f(p) = 3*p + 3. Let i = 658 + -651. What is f(i)?
24
Suppose -223*t + 235*t + 48 = 0. Let x(r) = 2*r + 12. Give x(t).
4
Let k(v) = v**2 - 9*v - 6. Suppose 4 = l + d, 22*d = 2*l + 17*d - 36. Calculate k(l).
-14
Let u(y) = -2*y - 1. Let w(i) = i**2 + 9*i - 4. Let p(j) = u(j) - w(j). What is p(-10)?
13
Let d = 13 - 10. Suppose 6 = -d*b - 6. Let z(x) = 0 + 5*x - 2*x + 3. Calculate z(b).
-9
Let z(f) = -f**3 + f**2 - 1. Let v(i) = 4 - 2 - i - 2*i - 30*i**2 + 31*i**2. Let b be v(2). Give z(b).
-1
Suppose -4*t - 37 = a, -4*t + 5*a = -2*t + 13. Let x(f) = -f**3 - 8*f**2 + 9*f - 6. Give x(t).
-6
Let y be 3 - (-2)/4*0. Let h = 0 + 4. Let r(l) = 0 - l**2 - 4 + h*l + l. Give r(y).
2
Let w(n) = -n**2 + 9*n - 3. Let d be w(8). Let f(m) = m**3 - 12*m**2 - 29*m + 4. Let z(h) = h**3 - 13*h**2 - 34*h + 4. Let p(i) = 7*f(i) - 6*z(i). What is p(d)?
-16
Let w(n) = -n**3 - 2*n**2 + n. Suppose -5*g = -2*v - 3*v - 5, 4*g - 11 = -3*v. Give w(v).
-2
Let b(s) = s**2 - 2. Let a be b(-2). Let j(w) = 8*w + 61 - w**a + 2*w**2 - 53. What is j(-6)?
-4
Let l(i) = 10 - i - 41 + 13 + 18. Give l(9).
-9
Let u(h) = -2*h**3 + 7*h**2 - 6*h + 5. Suppose 99*o = -5*r + 94*o + 25, -5*o = -5*r + 15. Calculate u(r).
-35
Suppose 0 = -2*w + 3*w - 3. Suppose -4*g + 16 = -5*g + 3*p, w*g + 27 = 2*p. Let t(b) = -b**2 - 8*b - 2. Calculate t(g).
5
Let z(v) = v**2 - v. Let i = -7 - -10. Give z(i).
6
Let i(w) = 0 + 6 - 1 + w**2 - 3 + 3 + 13*w. Calculate i(-10).
-25
Let q(i) be the second derivative of -1/6*i**4 - 1/20*i**5 - 1/6*i**3 + 11*i + i**2 + 0. What is q(2)?
-16
Let s(g) = g**2 - 5*g + 6. Let b be s(5). Let d(v) = -b*v**2 + 5 + v**3 + v**2 + 1 - v. Let r = 104 - 99. What is d(r)?
1
Let o(w) = -11*w - 7. Let j = 15 - 12. Let t(x) = -6*x - 4*x + x - 3 + j*x. Let y(p) = -3*o(p) + 5*t(p). Give y(-4).
-6
Let j be -34 + (-1 - -4) + -5 + 3. Suppose 26 = 2*r - 3*r + f, -2*r = -f + 56. Let g = r - j. Let h(m) = m - 1. Determine h(g).
2
Let i be (-1 + 36)*(99/(-15) + 7). Let z(a) = 2*a + 27 - i - 11 - 15. What is z(8)?
3
Let w = -247 + 244. Let x(i) = 4*i**2 + 2*i - 4. Calculate x(w).
26
Suppose c + 3*c - 20 = 0. Suppose -c*p + 24 = -p. Let x(r) = -3*r - 8*r**3 + 7*r**3 + 5 - p*r**2 - 1. Give x(-5).
-6
Let r(u) = 14*u**2 + 3*u - 31. Let q(d) = -16*d**2 - 3*d + 36. Let j(a) = -6*q(a) - 7*r(a). Suppose 13 - 3 = -3*c - l, -2*c - 5 = -l. Calculate j(c).
-8
Let d be (0 - 1) + -5 + -3 + 0. Let y(t) = 9 - 2*t + 11 + 3*t - 10. Give y(d).
1
Suppose v - 6*v - f = -43, v - 11 = -f. Let k(m) = -2 - 9*m + 20*m - v*m. Give k(3).
7
Let z be (-2 - -2)/(2 - 1). Let r be ((-45)/(-9))/(-1 - z). Let g(q) = -q**2 - 3 + 2*q**2 - 6*q**2 - q**2 - q**3 - 8*q. Calculate g(r).
12
Suppose 0 = 2*g - 4*g - 50. Let r = -23 - g. Let m(f) = 2*f**2 + 2*f**2 - f - 3*f**2 + 2. Determine m(r).
4
Let t be (-6)/60*-5*0. Let n(k) = 2*k - 7. Give n(t).
-7
Let g be (20 - 0)*12/(120/2). Let r(n) be the third derivative of -1/120*n**6 + 1/4*n**g + 0 + 1/15*n**5 - 5/6*n**3 + 7*n**2 + 0*n. Determine r(5).
0
Suppose -214*d + 4 = -215*d. Let o(z) = z**3 + 2*z**2 - 7*z + 9. Calculate o(d).
5
Suppose -4*f = -163 + 39. Let t = f - 35. Let q(g) = -3 + g + 0*g**3 - g**3 + 5*g**2 + 2*g**3. Give q(t).
9
Let y(s) be the first derivative of s**5/120 + 11*s**4/24 - 2*s**3 + 23. Let g(x) be the third der